{"id":3,"date":"2023-03-02T18:12:42","date_gmt":"2023-03-02T18:12:42","guid":{"rendered":"https:\/\/www.forneassampayo.com\/sobre-nosotros\/?page_id=3"},"modified":"2024-11-13T10:39:38","modified_gmt":"2024-11-13T09:39:38","slug":"politica-privacidad","status":"publish","type":"page","link":"https:\/\/www.forneassampayo.com\/sobre-nosotros\/politica-privacidad\/","title":{"rendered":"Pol\u00edtica de privacidad"},"content":{"rendered":"\n<p><strong>AVISO LEGAL<\/strong><br><br>El titular de este sitio web es ALMACENES FORNEAS S.L., con N.I.F. B27414234, con domicilio en Lugar San Paio 10, San Paio, 27142 Lugo, Castroverde, Espa\u00f1a.<br>El acceso al site de ALMACENES FORNEAS S.L. es gratuito. Todo el contenido es propiedad intelectual de ALMACENES FORNEAS S.L.. Cualquier utilizaci\u00f3n de los mismos contraria a las normas en materia de propiedad intelectual ser\u00e1 perseguida con arreglo a la legislaci\u00f3n vigente.<\/p>\n\n\n\n<p><strong>USO Y TRATAMIENTO DE DATOS DE CAR\u00c1CTER PERSONAL<\/strong><br><br>Le informamos que los datos de car\u00e1cter personal que pudieran proporcionarse, a trav\u00e9s de este sitio web, as\u00ed como los que pudiera facilitar en el futuro en el marco de su relaci\u00f3n jur\u00eddica con esta entidad, ser\u00e1n incorporados a nuestra base de datos.<br><br>Se informa sobre los siguientes extremos relativos a la protecci\u00f3n de datos:<br><br><strong>Responsable del tratamiento:<\/strong> Somos responsables de los datos recogidos en el formulario correspondiente.<br><br><strong>Necesidad del tratamiento:<\/strong> La comunicaci\u00f3n de sus datos a trav\u00e9s del formulario correspondiente es obligatoria para podamos contactar.<br><br><strong>Finalidades del tratamiento y legitimaci\u00f3n del tratamiento:<\/strong><br>Gestionar, administrar, prestarle los servicios o facilitarle los productos que solicite y, en su caso, para el cumplimiento y ejecuci\u00f3n de los contratos que pudiera celebrar, conocer mejor sus gustos, adecuar los servicios a sus preferencias.<br>Enviarle, por correo postal, correo electr\u00f3nico y otros medios de comunicaci\u00f3n electr\u00f3nica equivalente, comunicaciones comerciales y publicitarias sobre nuestros productos y\/o servicios.<br><br><strong>Destinatarios:<\/strong> Contratamos con alguna entidad que prestan servicios como los de mantenimiento y hosting, a trav\u00e9s de contratos de encargo del tratamiento para dar soporte a los fines de tratamiento indicados.<br>Plazo de conservaci\u00f3n de datos: Conservaremos sus datos mientras se mantenga el tratamiento y no solicite la supresi\u00f3n de los mismos.<br><br><strong>Derechos:<\/strong> Podr\u00e1 ejercitar los derechos de acceso, rectificaci\u00f3n, supresi\u00f3n, limitaci\u00f3n al tratamiento, oposici\u00f3n, portabilidad y derecho a no ser objeto de una decisi\u00f3n basada \u00fanicamente en el tratamiento automatizado, mediante comunicaci\u00f3n escrita al domicilio indicado en el aviso legal y a revocar su consentimiento sin efectos retroactivos u oponerse a la recepci\u00f3n de comunicaciones comerciales publicitarias por email y otros medios de comunicaci\u00f3n electr\u00f3nica equivalente, enviando y a presentar una reclamaci\u00f3n ante la Autoridad de control, en Espa\u00f1a, la Agencia Espa\u00f1ola de Protecci\u00f3n de Datos.<br><br><strong>Modificaci\u00f3n de la pol\u00edtica de privacidad:<\/strong> Nos reservamos el derecho a modificar su Pol\u00edtica de Privacidad, de acuerdo a nuestro propio criterio, o motivado por un cambio doctrinal de la Autoridad competente en Protecci\u00f3n de Datos, legislativo o jurisprudencial. El uso de la Web despu\u00e9s de dichos cambios implicar\u00e1 la aceptaci\u00f3n de \u00e9stos.<br><strong><br>Legislaci\u00f3n aplicable:<\/strong> Cualquier controversia que se derive del uso de este Site, ser\u00e1 regida, interpretada y sometida de acuerdo con las leyes de Espa\u00f1a.<\/p>\n","protected":false},"excerpt":{"rendered":"<p>AVISO LEGAL El titular de este sitio web es ALMACENES FORNEAS S.L., con N.I.F. B27414234, con domicilio en Lugar San Paio 10, San Paio, 27142 Lugo, Castroverde, Espa\u00f1a.El acceso al site de ALMACENES FORNEAS S.L. es gratuito. Todo el contenido es propiedad intelectual de ALMACENES FORNEAS S.L.. Cualquier utilizaci\u00f3n de los mismos contraria a las [&hellip;]<\/p>\n","protected":false},"author":1,"featured_media":0,"parent":0,"menu_order":0,"comment_status":"closed","ping_status":"closed","template":"","meta":{"footnotes":""},"class_list":["post-3","page","type-page","status-publish","hentry"],"yoast_head":"<!-- This site is optimized with the Yoast SEO plugin v27.2 - https:\/\/yoast.com\/product\/yoast-seo-wordpress\/ -->\n<title>Pol\u00edtica de privacidad - Almacenes F\u00f3rneas S.L.<\/title>\n<meta name=\"robots\" content=\"index, follow, max-snippet:-1, max-image-preview:large, max-video-preview:-1\" \/>\n<link rel=\"canonical\" href=\"https:\/\/www.forneassampayo.com\/sobre-nosotros\/politica-privacidad\/\" \/>\n<meta property=\"og:locale\" content=\"es_ES\" \/>\n<meta property=\"og:type\" content=\"article\" \/>\n<meta property=\"og:title\" content=\"Pol\u00edtica de privacidad - Almacenes F\u00f3rneas S.L.\" \/>\n<meta property=\"og:description\" content=\"AVISO LEGAL El titular de este sitio web es ALMACENES FORNEAS S.L., con N.I.F. B27414234, con domicilio en Lugar San Paio 10, San Paio, 27142 Lugo, Castroverde, Espa\u00f1a.El acceso al site de ALMACENES FORNEAS S.L. es gratuito. Todo el contenido es propiedad intelectual de ALMACENES FORNEAS S.L.. Cualquier utilizaci\u00f3n de los mismos contraria a las [&hellip;]\" \/>\n<meta property=\"og:url\" content=\"https:\/\/www.forneassampayo.com\/sobre-nosotros\/politica-privacidad\/\" \/>\n<meta property=\"og:site_name\" content=\"Almacenes F\u00f3rneas S.L.\" \/>\n<meta property=\"article:modified_time\" content=\"2024-11-13T09:39:38+00:00\" \/>\n<meta name=\"twitter:card\" content=\"summary_large_image\" \/>\n<meta name=\"twitter:label1\" content=\"Tiempo de lectura\" \/>\n\t<meta name=\"twitter:data1\" content=\"2 minutos\" \/>\n<script type=\"application\/ld+json\" class=\"yoast-schema-graph\">{\"@context\":\"https:\/\/schema.org\",\"@graph\":[{\"@type\":\"WebPage\",\"@id\":\"https:\/\/www.forneassampayo.com\/sobre-nosotros\/politica-privacidad\/\",\"url\":\"https:\/\/www.forneassampayo.com\/sobre-nosotros\/politica-privacidad\/\",\"name\":\"Pol\u00edtica de privacidad - Almacenes F\u00f3rneas S.L.\",\"isPartOf\":{\"@id\":\"https:\/\/www.forneassampayo.com\/sobre-nosotros\/#website\"},\"datePublished\":\"2023-03-02T18:12:42+00:00\",\"dateModified\":\"2024-11-13T09:39:38+00:00\",\"breadcrumb\":{\"@id\":\"https:\/\/www.forneassampayo.com\/sobre-nosotros\/politica-privacidad\/#breadcrumb\"},\"inLanguage\":\"es\",\"potentialAction\":[{\"@type\":\"ReadAction\",\"target\":[\"https:\/\/www.forneassampayo.com\/sobre-nosotros\/politica-privacidad\/\"]}]},{\"@type\":\"BreadcrumbList\",\"@id\":\"https:\/\/www.forneassampayo.com\/sobre-nosotros\/politica-privacidad\/#breadcrumb\",\"itemListElement\":[{\"@type\":\"ListItem\",\"position\":1,\"name\":\"Portada\",\"item\":\"https:\/\/www.forneassampayo.com\/sobre-nosotros\/\"},{\"@type\":\"ListItem\",\"position\":2,\"name\":\"Pol\u00edtica de privacidad\"}]},{\"@type\":\"WebSite\",\"@id\":\"https:\/\/www.forneassampayo.com\/sobre-nosotros\/#website\",\"url\":\"https:\/\/www.forneassampayo.com\/sobre-nosotros\/\",\"name\":\"Almacenes F\u00f3rneas S.L.\",\"description\":\"Materiales de Construcci\u00f3n en Lugo\",\"publisher\":{\"@id\":\"https:\/\/www.forneassampayo.com\/sobre-nosotros\/#organization\"},\"potentialAction\":[{\"@type\":\"SearchAction\",\"target\":{\"@type\":\"EntryPoint\",\"urlTemplate\":\"https:\/\/www.forneassampayo.com\/sobre-nosotros\/?s={search_term_string}\"},\"query-input\":{\"@type\":\"PropertyValueSpecification\",\"valueRequired\":true,\"valueName\":\"search_term_string\"}}],\"inLanguage\":\"es\"},{\"@type\":\"Organization\",\"@id\":\"https:\/\/www.forneassampayo.com\/sobre-nosotros\/#organization\",\"name\":\"Almacenes F\u00f3rneas S.L.\",\"url\":\"https:\/\/www.forneassampayo.com\/sobre-nosotros\/\",\"logo\":{\"@type\":\"ImageObject\",\"inLanguage\":\"es\",\"@id\":\"https:\/\/www.forneassampayo.com\/sobre-nosotros\/#\/schema\/logo\/image\/\",\"url\":\"https:\/\/www.forneassampayo.com\/sobre-nosotros\/media\/imagenes\/logo_almacenes_forneas.jpg\",\"contentUrl\":\"https:\/\/www.forneassampayo.com\/sobre-nosotros\/media\/imagenes\/logo_almacenes_forneas.jpg\",\"width\":242,\"height\":100,\"caption\":\"Almacenes F\u00f3rneas S.L.\"},\"image\":{\"@id\":\"https:\/\/www.forneassampayo.com\/sobre-nosotros\/#\/schema\/logo\/image\/\"}}]}<\/script>\n<!-- \/ Yoast SEO plugin. -->","yoast_head_json":{"title":"Pol\u00edtica de privacidad - Almacenes F\u00f3rneas S.L.","robots":{"index":"index","follow":"follow","max-snippet":"max-snippet:-1","max-image-preview":"max-image-preview:large","max-video-preview":"max-video-preview:-1"},"canonical":"https:\/\/www.forneassampayo.com\/sobre-nosotros\/politica-privacidad\/","og_locale":"es_ES","og_type":"article","og_title":"Pol\u00edtica de privacidad - Almacenes F\u00f3rneas S.L.","og_description":"AVISO LEGAL El titular de este sitio web es ALMACENES FORNEAS S.L., con N.I.F. B27414234, con domicilio en Lugar San Paio 10, San Paio, 27142 Lugo, Castroverde, Espa\u00f1a.El acceso al site de ALMACENES FORNEAS S.L. es gratuito. Todo el contenido es propiedad intelectual de ALMACENES FORNEAS S.L.. Cualquier utilizaci\u00f3n de los mismos contraria a las [&hellip;]","og_url":"https:\/\/www.forneassampayo.com\/sobre-nosotros\/politica-privacidad\/","og_site_name":"Almacenes F\u00f3rneas S.L.","article_modified_time":"2024-11-13T09:39:38+00:00","twitter_card":"summary_large_image","twitter_misc":{"Tiempo de lectura":"2 minutos"},"schema":{"@context":"https:\/\/schema.org","@graph":[{"@type":"WebPage","@id":"https:\/\/www.forneassampayo.com\/sobre-nosotros\/politica-privacidad\/","url":"https:\/\/www.forneassampayo.com\/sobre-nosotros\/politica-privacidad\/","name":"Pol\u00edtica de privacidad - Almacenes F\u00f3rneas S.L.","isPartOf":{"@id":"https:\/\/www.forneassampayo.com\/sobre-nosotros\/#website"},"datePublished":"2023-03-02T18:12:42+00:00","dateModified":"2024-11-13T09:39:38+00:00","breadcrumb":{"@id":"https:\/\/www.forneassampayo.com\/sobre-nosotros\/politica-privacidad\/#breadcrumb"},"inLanguage":"es","potentialAction":[{"@type":"ReadAction","target":["https:\/\/www.forneassampayo.com\/sobre-nosotros\/politica-privacidad\/"]}]},{"@type":"BreadcrumbList","@id":"https:\/\/www.forneassampayo.com\/sobre-nosotros\/politica-privacidad\/#breadcrumb","itemListElement":[{"@type":"ListItem","position":1,"name":"Portada","item":"https:\/\/www.forneassampayo.com\/sobre-nosotros\/"},{"@type":"ListItem","position":2,"name":"Pol\u00edtica de privacidad"}]},{"@type":"WebSite","@id":"https:\/\/www.forneassampayo.com\/sobre-nosotros\/#website","url":"https:\/\/www.forneassampayo.com\/sobre-nosotros\/","name":"Almacenes F\u00f3rneas S.L.","description":"Materiales de Construcci\u00f3n en Lugo","publisher":{"@id":"https:\/\/www.forneassampayo.com\/sobre-nosotros\/#organization"},"potentialAction":[{"@type":"SearchAction","target":{"@type":"EntryPoint","urlTemplate":"https:\/\/www.forneassampayo.com\/sobre-nosotros\/?s={search_term_string}"},"query-input":{"@type":"PropertyValueSpecification","valueRequired":true,"valueName":"search_term_string"}}],"inLanguage":"es"},{"@type":"Organization","@id":"https:\/\/www.forneassampayo.com\/sobre-nosotros\/#organization","name":"Almacenes F\u00f3rneas S.L.","url":"https:\/\/www.forneassampayo.com\/sobre-nosotros\/","logo":{"@type":"ImageObject","inLanguage":"es","@id":"https:\/\/www.forneassampayo.com\/sobre-nosotros\/#\/schema\/logo\/image\/","url":"https:\/\/www.forneassampayo.com\/sobre-nosotros\/media\/imagenes\/logo_almacenes_forneas.jpg","contentUrl":"https:\/\/www.forneassampayo.com\/sobre-nosotros\/media\/imagenes\/logo_almacenes_forneas.jpg","width":242,"height":100,"caption":"Almacenes F\u00f3rneas S.L."},"image":{"@id":"https:\/\/www.forneassampayo.com\/sobre-nosotros\/#\/schema\/logo\/image\/"}}]}},"_links":{"self":[{"href":"https:\/\/www.forneassampayo.com\/sobre-nosotros\/wp-json\/wp\/v2\/pages\/3","targetHints":{"allow":["GET"]}}],"collection":[{"href":"https:\/\/www.forneassampayo.com\/sobre-nosotros\/wp-json\/wp\/v2\/pages"}],"about":[{"href":"https:\/\/www.forneassampayo.com\/sobre-nosotros\/wp-json\/wp\/v2\/types\/page"}],"author":[{"embeddable":true,"href":"https:\/\/www.forneassampayo.com\/sobre-nosotros\/wp-json\/wp\/v2\/users\/1"}],"replies":[{"embeddable":true,"href":"https:\/\/www.forneassampayo.com\/sobre-nosotros\/wp-json\/wp\/v2\/comments?post=3"}],"version-history":[{"count":3,"href":"https:\/\/www.forneassampayo.com\/sobre-nosotros\/wp-json\/wp\/v2\/pages\/3\/revisions"}],"predecessor-version":[{"id":1407,"href":"https:\/\/www.forneassampayo.com\/sobre-nosotros\/wp-json\/wp\/v2\/pages\/3\/revisions\/1407"}],"wp:attachment":[{"href":"https:\/\/www.forneassampayo.com\/sobre-nosotros\/wp-json\/wp\/v2\/media?parent=3"}],"curies":[{"name":"wp","href":"https:\/\/api.w.org\/{rel}","templated":true}]}}

Política de privacidad

<p><strong>AVISO LEGAL</strong><br><br>El titular de este sitio web es ALMACENES FORNEAS S.L., con N.I.F. B27414234, con domicilio en Lugar San Paio 10, San Paio, 27142 Lugo, Castroverde, España.<br>El acceso al site de ALMACENES FORNEAS S.L. es gratuito. Todo el contenido es propiedad intelectual de ALMACENES FORNEAS S.L.. Cualquier utilización de los mismos contraria a las normas en materia de propiedad intelectual será perseguida con arreglo a la legislación vigente.</p>



<p><strong>USO Y TRATAMIENTO DE DATOS DE CARÁCTER PERSONAL</strong><br><br>Le informamos que los datos de carácter personal que pudieran proporcionarse, a través de este sitio web, así como los que pudiera facilitar en el futuro en el marco de su relación jurídica con esta entidad, serán incorporados a nuestra base de datos.<br><br>Se informa sobre los siguientes extremos relativos a la protección de datos:<br><br><strong>Responsable del tratamiento:</strong> Somos responsables de los datos recogidos en el formulario correspondiente.<br><br><strong>Necesidad del tratamiento:</strong> La comunicación de sus datos a través del formulario correspondiente es obligatoria para podamos contactar.<br><br><strong>Finalidades del tratamiento y legitimación del tratamiento:</strong><br>Gestionar, administrar, prestarle los servicios o facilitarle los productos que solicite y, en su caso, para el cumplimiento y ejecución de los contratos que pudiera celebrar, conocer mejor sus gustos, adecuar los servicios a sus preferencias.<br>Enviarle, por correo postal, correo electrónico y otros medios de comunicación electrónica equivalente, comunicaciones comerciales y publicitarias sobre nuestros productos y/o servicios.<br><br><strong>Destinatarios:</strong> Contratamos con alguna entidad que prestan servicios como los de mantenimiento y hosting, a través de contratos de encargo del tratamiento para dar soporte a los fines de tratamiento indicados.<br>Plazo de conservación de datos: Conservaremos sus datos mientras se mantenga el tratamiento y no solicite la supresión de los mismos.<br><br><strong>Derechos:</strong> Podrá ejercitar los derechos de acceso, rectificación, supresión, limitación al tratamiento, oposición, portabilidad y derecho a no ser objeto de una decisión basada únicamente en el tratamiento automatizado, mediante comunicación escrita al domicilio indicado en el aviso legal y a revocar su consentimiento sin efectos retroactivos u oponerse a la recepción de comunicaciones comerciales publicitarias por email y otros medios de comunicación electrónica equivalente, enviando y a presentar una reclamación ante la Autoridad de control, en España, la Agencia Española de Protección de Datos.<br><br><strong>Modificación de la política de privacidad:</strong> Nos reservamos el derecho a modificar su Política de Privacidad, de acuerdo a nuestro propio criterio, o motivado por un cambio doctrinal de la Autoridad competente en Protección de Datos, legislativo o jurisprudencial. El uso de la Web después de dichos cambios implicará la aceptación de éstos.<br><strong><br>Legislación aplicable:</strong> Cualquier controversia que se derive del uso de este Site, será regida, interpretada y sometida de acuerdo con las leyes de España.</p>

<p>AVISO LEGAL El titular de este sitio web es ALMACENES FORNEAS S.L., con N.I.F. B27414234, con domicilio en Lugar San Paio 10, San Paio, 27142 Lugo, Castroverde, España.El acceso al site de ALMACENES FORNEAS S.L. es gratuito. Todo el contenido es propiedad intelectual de ALMACENES FORNEAS S.L.. Cualquier utilización de los mismos contraria a las [&hellip;]</p>

<!-- This site is optimized with the Yoast SEO plugin v27.2 - https://yoast.com/product/yoast-seo-wordpress/ -->
<title>Política de privacidad - Almacenes Fórneas S.L.</title>
<meta name="robots" content="index, follow, max-snippet:-1, max-image-preview:large, max-video-preview:-1" />
<link rel="canonical" href="https://www.forneassampayo.com/sobre-nosotros/politica-privacidad/" />
<meta property="og:locale" content="es_ES" />
<meta property="og:type" content="article" />
<meta property="og:title" content="Política de privacidad - Almacenes Fórneas S.L." />
<meta property="og:description" content="AVISO LEGAL El titular de este sitio web es ALMACENES FORNEAS S.L., con N.I.F. B27414234, con domicilio en Lugar San Paio 10, San Paio, 27142 Lugo, Castroverde, España.El acceso al site de ALMACENES FORNEAS S.L. es gratuito. Todo el contenido es propiedad intelectual de ALMACENES FORNEAS S.L.. Cualquier utilización de los mismos contraria a las [&hellip;]" />
<meta property="og:url" content="https://www.forneassampayo.com/sobre-nosotros/politica-privacidad/" />
<meta property="og:site_name" content="Almacenes Fórneas S.L." />
<meta property="article:modified_time" content="2024-11-13T09:39:38+00:00" />
<meta name="twitter:card" content="summary_large_image" />
<meta name="twitter:label1" content="Tiempo de lectura" />
	<meta name="twitter:data1" content="2 minutos" />
<script type="application/ld+json" class="yoast-schema-graph">{"@context":"https://schema.org","@graph":[{"@type":"WebPage","@id":"https://www.forneassampayo.com/sobre-nosotros/politica-privacidad/","url":"https://www.forneassampayo.com/sobre-nosotros/politica-privacidad/","name":"Política de privacidad - Almacenes Fórneas S.L.","isPartOf":{"@id":"https://www.forneassampayo.com/sobre-nosotros/#website"},"datePublished":"2023-03-02T18:12:42+00:00","dateModified":"2024-11-13T09:39:38+00:00","breadcrumb":{"@id":"https://www.forneassampayo.com/sobre-nosotros/politica-privacidad/#breadcrumb"},"inLanguage":"es","potentialAction":[{"@type":"ReadAction","target":["https://www.forneassampayo.com/sobre-nosotros/politica-privacidad/"]}]},{"@type":"BreadcrumbList","@id":"https://www.forneassampayo.com/sobre-nosotros/politica-privacidad/#breadcrumb","itemListElement":[{"@type":"ListItem","position":1,"name":"Portada","item":"https://www.forneassampayo.com/sobre-nosotros/"},{"@type":"ListItem","position":2,"name":"Política de privacidad"}]},{"@type":"WebSite","@id":"https://www.forneassampayo.com/sobre-nosotros/#website","url":"https://www.forneassampayo.com/sobre-nosotros/","name":"Almacenes Fórneas S.L.","description":"Materiales de Construcción en Lugo","publisher":{"@id":"https://www.forneassampayo.com/sobre-nosotros/#organization"},"potentialAction":[{"@type":"SearchAction","target":{"@type":"EntryPoint","urlTemplate":"https://www.forneassampayo.com/sobre-nosotros/?s={search_term_string}"},"query-input":{"@type":"PropertyValueSpecification","valueRequired":true,"valueName":"search_term_string"}}],"inLanguage":"es"},{"@type":"Organization","@id":"https://www.forneassampayo.com/sobre-nosotros/#organization","name":"Almacenes Fórneas S.L.","url":"https://www.forneassampayo.com/sobre-nosotros/","logo":{"@type":"ImageObject","inLanguage":"es","@id":"https://www.forneassampayo.com/sobre-nosotros/#/schema/logo/image/","url":"https://www.forneassampayo.com/sobre-nosotros/media/imagenes/logo_almacenes_forneas.jpg","contentUrl":"https://www.forneassampayo.com/sobre-nosotros/media/imagenes/logo_almacenes_forneas.jpg","width":242,"height":100,"caption":"Almacenes Fórneas S.L."},"image":{"@id":"https://www.forneassampayo.com/sobre-nosotros/#/schema/logo/image/"}}]}</script>
<!-- / Yoast SEO plugin. -->

Política de privacidad - Almacenes Fórneas S.L.

AVISO LEGAL El titular de este sitio web es ALMACENES FORNEAS S.L., con N.I.F. B27414234, con domicilio en Lugar San Paio 10, San Paio, 27142 Lugo, Castroverde, España.El acceso al site de ALMACENES FORNEAS S.L. es gratuito. Todo el contenido es propiedad intelectual de ALMACENES FORNEAS S.L.. Cualquier utilización de los mismos contraria a las [&hellip;]

Almacenes Fórneas S.L.

Materiales de Construcción en Lugo
